{"id":6818,"date":"2024-01-13T23:54:59","date_gmt":"2024-01-13T22:54:59","guid":{"rendered":"http:\/\/serwer2453809.home.pl\/autoinstalator\/wordpressplugins\/?page_id=6818"},"modified":"2025-11-20T08:24:41","modified_gmt":"2025-11-20T07:24:41","slug":"konsultacje","status":"publish","type":"page","link":"https:\/\/sp89krakow.pl\/index.php\/konsultacje\/","title":{"rendered":"Konsultacje"},"content":{"rendered":"\n<div class=\"wp-block-cover alignfull\" style=\"min-height:301px;aspect-ratio:unset;\"><img fetchpriority=\"high\" decoding=\"async\" width=\"1500\" height=\"885\" class=\"wp-block-cover__image-background wp-image-291\" alt=\"\" src=\"http:\/\/serwer2453809.home.pl\/autoinstalator\/wordpressplugins\/wp-content\/uploads\/2023\/04\/img01-1.jpeg\" style=\"object-position:51% 65%\" data-object-fit=\"cover\" data-object-position=\"51% 65%\" srcset=\"https:\/\/sp89krakow.pl\/wp-content\/uploads\/2023\/04\/img01-1.jpeg 1500w, https:\/\/sp89krakow.pl\/wp-content\/uploads\/2023\/04\/img01-1-300x177.jpeg 300w, https:\/\/sp89krakow.pl\/wp-content\/uploads\/2023\/04\/img01-1-1024x604.jpeg 1024w, https:\/\/sp89krakow.pl\/wp-content\/uploads\/2023\/04\/img01-1-768x453.jpeg 768w\" sizes=\"(max-width: 1500px) 100vw, 1500px\" \/><span aria-hidden=\"true\" class=\"wp-block-cover__background has-background-dim-60 has-background-dim\" style=\"background-color:#3c3ddc\"><\/span><div class=\"wp-block-cover__inner-container is-layout-flow wp-block-cover-is-layout-flow\"><h2 class=\"has-text-align-center wp-block-post-title has-text-color has-background-color has-huge-font-size has-poppins-font-family\">Konsultacje<\/h2><\/div><\/div>\n\n\n\n<div class=\"wp-block-group alignwide has-background is-layout-constrained wp-block-group-is-layout-constrained\" style=\"background-color:#f9f9fb;margin-top:0;margin-bottom:0;padding-top:100px;padding-bottom:100px\">\n<div class=\"wp-block-columns alignwide is-layout-flex wp-container-core-columns-is-layout-17fa5152 wp-block-columns-is-layout-flex\">\n<div class=\"wp-block-column is-layout-flow wp-block-column-is-layout-flow\">\n<div class=\"wp-block-group has-background-background-color has-background is-layout-constrained wp-container-core-group-is-layout-7a6c0501 wp-block-group-is-layout-constrained\" style=\"border-radius:10px;padding-top:10px;padding-right:10px;padding-bottom:10px;padding-left:10px\">\n<div class=\"wp-block-group is-layout-constrained wp-container-core-group-is-layout-e1080362 wp-block-group-is-layout-constrained\" style=\"padding-top:5px;padding-right:5px;padding-bottom:5px;padding-left:5px\">\n<div class=\"wp-block-group is-nowrap is-layout-flex wp-container-core-group-is-layout-467f4509 wp-block-group-is-layout-flex\" style=\"margin-top:25px\">\n<div class=\"wp-block-group has-background is-layout-constrained wp-container-core-group-is-layout-495c9e61 wp-block-group-is-layout-constrained\" style=\"border-radius:35px;background-color:#efeded;padding-top:4px;padding-right:12px;padding-bottom:4px;padding-left:12px\">\n<p class=\"has-text-color has-poppins-font-family has-extra-small-font-size\" style=\"color:#f5812d\">Konsultacje nauczycieli<\/p>\n<\/div>\n<\/div>\n\n\n\n<p class=\"has-poppins-font-family has-small-font-size\"><br><\/p>\n\n\n\n<hr class=\"wp-block-separator has-text-color has-alpha-channel-opacity has-background is-style-wide\" style=\"margin-bottom:20px;background-color:#eeeeee;color:#eeeeee\"\/>\n\n\n\n<p class=\"has-poppins-font-family\">Konsultacje z nauczycielami odbywaj\u0105 si\u0119 wy\u0142\u0105cznie po wcze\u015bniejszym um\u00f3wieniu si\u0119 bezpo\u015brednio z wybranym nauczycielem.<\/p>\n\n\n\n<div class=\"wp-block-columns is-layout-flex wp-container-core-columns-is-layout-28f84493 wp-block-columns-is-layout-flex\">\n<div class=\"wp-block-column is-layout-flow wp-block-column-is-layout-flow\"><\/div>\n<\/div>\n<\/div>\n\n\n<\/div>\n\n\n\n<figure class=\"wp-block-image aligncenter size-full is-resized\"><img decoding=\"async\" width=\"300\" height=\"250\" src=\"http:\/\/serwer2453809.home.pl\/autoinstalator\/wordpressplugins\/wp-content\/uploads\/2023\/04\/image-14.png\" alt=\"\" class=\"wp-image-529\" style=\"width:340px;height:auto\"\/><\/figure>\n<\/div>\n<\/div>\n<\/div>\n","protected":false},"excerpt":{"rendered":"<p>Konsultacje nauczycieli Konsultacje z nauczycielami odbywaj\u0105 si\u0119 wy\u0142\u0105cznie po wcze\u015bniejszym um\u00f3wieniu si\u0119 bezpo\u015brednio z wybranym nauczycielem.<\/p>\n","protected":false},"author":3,"featured_media":0,"parent":0,"menu_order":0,"comment_status":"closed","ping_status":"closed","template":"full-width.php","meta":{"footnotes":""},"class_list":["post-6818","page","type-page","status-publish","hentry"],"yoast_head":"<!-- This site is optimized with the Yoast SEO plugin v22.1 - https:\/\/yoast.com\/wordpress\/plugins\/seo\/ -->\n<title>Konsultacje - SP89 w Krakowie<\/title>\n<meta name=\"robots\" content=\"index, follow, max-snippet:-1, max-image-preview:large, max-video-preview:-1\" \/>\n<link rel=\"canonical\" href=\"https:\/\/sp89krakow.pl\/index.php\/konsultacje\/\" \/>\n<meta property=\"og:locale\" content=\"pl_PL\" \/>\n<meta property=\"og:type\" content=\"article\" \/>\n<meta property=\"og:title\" content=\"Konsultacje - SP89 w Krakowie\" \/>\n<meta property=\"og:description\" content=\"Konsultacje nauczycieli Konsultacje z nauczycielami odbywaj\u0105 si\u0119 wy\u0142\u0105cznie po wcze\u015bniejszym um\u00f3wieniu si\u0119 bezpo\u015brednio z wybranym nauczycielem.\" \/>\n<meta property=\"og:url\" content=\"https:\/\/sp89krakow.pl\/index.php\/konsultacje\/\" \/>\n<meta property=\"og:site_name\" content=\"SP89 w Krakowie\" \/>\n<meta property=\"article:publisher\" content=\"https:\/\/www.facebook.com\/sp89krakow\" \/>\n<meta property=\"article:modified_time\" content=\"2025-11-20T07:24:41+00:00\" \/>\n<meta property=\"og:image\" content=\"http:\/\/serwer2453809.home.pl\/autoinstalator\/wordpressplugins\/wp-content\/uploads\/2023\/04\/img01-1.jpeg\" \/>\n<meta name=\"twitter:card\" content=\"summary_large_image\" \/>\n<meta name=\"twitter:label1\" content=\"Szacowany czas czytania\" \/>\n\t<meta name=\"twitter:data1\" content=\"1 minuta\" \/>\n<script type=\"application\/ld+json\" class=\"yoast-schema-graph\">{\"@context\":\"https:\/\/schema.org\",\"@graph\":[{\"@type\":\"WebPage\",\"@id\":\"https:\/\/sp89krakow.pl\/index.php\/konsultacje\/\",\"url\":\"https:\/\/sp89krakow.pl\/index.php\/konsultacje\/\",\"name\":\"Konsultacje - SP89 w Krakowie\",\"isPartOf\":{\"@id\":\"https:\/\/sp89krakow.pl\/#website\"},\"datePublished\":\"2024-01-13T22:54:59+00:00\",\"dateModified\":\"2025-11-20T07:24:41+00:00\",\"breadcrumb\":{\"@id\":\"https:\/\/sp89krakow.pl\/index.php\/konsultacje\/#breadcrumb\"},\"inLanguage\":\"pl-PL\",\"potentialAction\":[{\"@type\":\"ReadAction\",\"target\":[\"https:\/\/sp89krakow.pl\/index.php\/konsultacje\/\"]}]},{\"@type\":\"BreadcrumbList\",\"@id\":\"https:\/\/sp89krakow.pl\/index.php\/konsultacje\/#breadcrumb\",\"itemListElement\":[{\"@type\":\"ListItem\",\"position\":1,\"name\":\"Home\",\"item\":\"https:\/\/sp89krakow.pl\/\"},{\"@type\":\"ListItem\",\"position\":2,\"name\":\"Konsultacje\"}]},{\"@type\":\"WebSite\",\"@id\":\"https:\/\/sp89krakow.pl\/#website\",\"url\":\"https:\/\/sp89krakow.pl\/\",\"name\":\"SP89 w Krakowie\",\"description\":\"\",\"publisher\":{\"@id\":\"https:\/\/sp89krakow.pl\/#organization\"},\"potentialAction\":[{\"@type\":\"SearchAction\",\"target\":{\"@type\":\"EntryPoint\",\"urlTemplate\":\"https:\/\/sp89krakow.pl\/?s={search_term_string}\"},\"query-input\":\"required name=search_term_string\"}],\"inLanguage\":\"pl-PL\"},{\"@type\":\"Organization\",\"@id\":\"https:\/\/sp89krakow.pl\/#organization\",\"name\":\"SP89 w Krakowie\",\"url\":\"https:\/\/sp89krakow.pl\/\",\"logo\":{\"@type\":\"ImageObject\",\"inLanguage\":\"pl-PL\",\"@id\":\"https:\/\/sp89krakow.pl\/#\/schema\/logo\/image\/\",\"url\":\"https:\/\/sp89krakow.pl\/wp-content\/uploads\/2024\/01\/godlo_logo-SP89_150-1.png\",\"contentUrl\":\"https:\/\/sp89krakow.pl\/wp-content\/uploads\/2024\/01\/godlo_logo-SP89_150-1.png\",\"width\":179,\"height\":80,\"caption\":\"SP89 w Krakowie\"},\"image\":{\"@id\":\"https:\/\/sp89krakow.pl\/#\/schema\/logo\/image\/\"},\"sameAs\":[\"https:\/\/www.facebook.com\/sp89krakow\"]}]}<\/script>\n<!-- \/ Yoast SEO plugin. -->","yoast_head_json":{"title":"Konsultacje - SP89 w Krakowie","robots":{"index":"index","follow":"follow","max-snippet":"max-snippet:-1","max-image-preview":"max-image-preview:large","max-video-preview":"max-video-preview:-1"},"canonical":"https:\/\/sp89krakow.pl\/index.php\/konsultacje\/","og_locale":"pl_PL","og_type":"article","og_title":"Konsultacje - SP89 w Krakowie","og_description":"Konsultacje nauczycieli Konsultacje z nauczycielami odbywaj\u0105 si\u0119 wy\u0142\u0105cznie po wcze\u015bniejszym um\u00f3wieniu si\u0119 bezpo\u015brednio z wybranym nauczycielem.","og_url":"https:\/\/sp89krakow.pl\/index.php\/konsultacje\/","og_site_name":"SP89 w Krakowie","article_publisher":"https:\/\/www.facebook.com\/sp89krakow","article_modified_time":"2025-11-20T07:24:41+00:00","og_image":[{"url":"http:\/\/serwer2453809.home.pl\/autoinstalator\/wordpressplugins\/wp-content\/uploads\/2023\/04\/img01-1.jpeg"}],"twitter_card":"summary_large_image","twitter_misc":{"Szacowany czas czytania":"1 minuta"},"schema":{"@context":"https:\/\/schema.org","@graph":[{"@type":"WebPage","@id":"https:\/\/sp89krakow.pl\/index.php\/konsultacje\/","url":"https:\/\/sp89krakow.pl\/index.php\/konsultacje\/","name":"Konsultacje - SP89 w Krakowie","isPartOf":{"@id":"https:\/\/sp89krakow.pl\/#website"},"datePublished":"2024-01-13T22:54:59+00:00","dateModified":"2025-11-20T07:24:41+00:00","breadcrumb":{"@id":"https:\/\/sp89krakow.pl\/index.php\/konsultacje\/#breadcrumb"},"inLanguage":"pl-PL","potentialAction":[{"@type":"ReadAction","target":["https:\/\/sp89krakow.pl\/index.php\/konsultacje\/"]}]},{"@type":"BreadcrumbList","@id":"https:\/\/sp89krakow.pl\/index.php\/konsultacje\/#breadcrumb","itemListElement":[{"@type":"ListItem","position":1,"name":"Home","item":"https:\/\/sp89krakow.pl\/"},{"@type":"ListItem","position":2,"name":"Konsultacje"}]},{"@type":"WebSite","@id":"https:\/\/sp89krakow.pl\/#website","url":"https:\/\/sp89krakow.pl\/","name":"SP89 w Krakowie","description":"","publisher":{"@id":"https:\/\/sp89krakow.pl\/#organization"},"potentialAction":[{"@type":"SearchAction","target":{"@type":"EntryPoint","urlTemplate":"https:\/\/sp89krakow.pl\/?s={search_term_string}"},"query-input":"required name=search_term_string"}],"inLanguage":"pl-PL"},{"@type":"Organization","@id":"https:\/\/sp89krakow.pl\/#organization","name":"SP89 w Krakowie","url":"https:\/\/sp89krakow.pl\/","logo":{"@type":"ImageObject","inLanguage":"pl-PL","@id":"https:\/\/sp89krakow.pl\/#\/schema\/logo\/image\/","url":"https:\/\/sp89krakow.pl\/wp-content\/uploads\/2024\/01\/godlo_logo-SP89_150-1.png","contentUrl":"https:\/\/sp89krakow.pl\/wp-content\/uploads\/2024\/01\/godlo_logo-SP89_150-1.png","width":179,"height":80,"caption":"SP89 w Krakowie"},"image":{"@id":"https:\/\/sp89krakow.pl\/#\/schema\/logo\/image\/"},"sameAs":["https:\/\/www.facebook.com\/sp89krakow"]}]}},"_links":{"self":[{"href":"https:\/\/sp89krakow.pl\/index.php\/wp-json\/wp\/v2\/pages\/6818","targetHints":{"allow":["GET"]}}],"collection":[{"href":"https:\/\/sp89krakow.pl\/index.php\/wp-json\/wp\/v2\/pages"}],"about":[{"href":"https:\/\/sp89krakow.pl\/index.php\/wp-json\/wp\/v2\/types\/page"}],"author":[{"embeddable":true,"href":"https:\/\/sp89krakow.pl\/index.php\/wp-json\/wp\/v2\/users\/3"}],"replies":[{"embeddable":true,"href":"https:\/\/sp89krakow.pl\/index.php\/wp-json\/wp\/v2\/comments?post=6818"}],"version-history":[{"count":11,"href":"https:\/\/sp89krakow.pl\/index.php\/wp-json\/wp\/v2\/pages\/6818\/revisions"}],"predecessor-version":[{"id":8793,"href":"https:\/\/sp89krakow.pl\/index.php\/wp-json\/wp\/v2\/pages\/6818\/revisions\/8793"}],"wp:attachment":[{"href":"https:\/\/sp89krakow.pl\/index.php\/wp-json\/wp\/v2\/media?parent=6818"}],"curies":[{"name":"wp","href":"https:\/\/api.w.org\/{rel}","templated":true}]}}