{"id":5629,"date":"2026-01-26T17:37:00","date_gmt":"2026-01-26T16:37:00","guid":{"rendered":"https:\/\/demo.sparklewpthemes.com\/educenter\/sparkedu\/?page_id=5629"},"modified":"2026-01-28T20:30:23","modified_gmt":"2026-01-28T19:30:23","slug":"rekrutacja","status":"publish","type":"page","link":"https:\/\/sp89krakow.pl\/index.php\/rekrutacja\/","title":{"rendered":"Rekrutacja 2026"},"content":{"rendered":"\n<div class=\"wp-block-cover alignfull\" style=\"min-height:301px;aspect-ratio:unset;\"><img fetchpriority=\"high\" decoding=\"async\" width=\"1500\" height=\"885\" class=\"wp-block-cover__image-background wp-image-291\" alt=\"\" src=\"http:\/\/serwer2453809.home.pl\/autoinstalator\/wordpressplugins\/wp-content\/uploads\/2023\/04\/img01-1.jpeg\" style=\"object-position:51% 65%\" data-object-fit=\"cover\" data-object-position=\"51% 65%\" srcset=\"https:\/\/sp89krakow.pl\/wp-content\/uploads\/2023\/04\/img01-1.jpeg 1500w, https:\/\/sp89krakow.pl\/wp-content\/uploads\/2023\/04\/img01-1-300x177.jpeg 300w, https:\/\/sp89krakow.pl\/wp-content\/uploads\/2023\/04\/img01-1-1024x604.jpeg 1024w, https:\/\/sp89krakow.pl\/wp-content\/uploads\/2023\/04\/img01-1-768x453.jpeg 768w\" sizes=\"(max-width: 1500px) 100vw, 1500px\" \/><span aria-hidden=\"true\" class=\"wp-block-cover__background has-background-dim-60 has-background-dim\" style=\"background-color:#3c3ddc\"><\/span><div class=\"wp-block-cover__inner-container is-layout-flow wp-block-cover-is-layout-flow\"><h2 class=\"has-text-align-center wp-block-post-title has-text-color has-background-color has-huge-font-size has-poppins-font-family\">Rekrutacja 2026<\/h2><\/div><\/div>\n\n\n\n<div class=\"wp-block-group alignwide has-background is-layout-constrained wp-block-group-is-layout-constrained\" style=\"background-color:#f9f9fb;margin-top:0;margin-bottom:0;padding-top:100px\">\n<div class=\"wp-block-group alignfull is-content-justification-center is-nowrap is-layout-flex wp-container-core-group-is-layout-23441af8 wp-block-group-is-layout-flex\">\n<div class=\"wp-block-group sp-position-relative spposition-left--190 spposition-bottom--50 hide-on-mobile is-layout-constrained wp-block-group-is-layout-constrained\"><\/div>\n\n\n\n<div class=\"wp-block-group spposition-left--40 sp-position-relative is-layout-constrained wp-container-core-group-is-layout-22be88a0 wp-block-group-is-layout-constrained\" style=\"margin-bottom:20px;padding-top:0px\">\n<h2 class=\"wp-block-heading has-text-align-center has-poppins-font-family has-slider-title-font-size\" style=\"margin-top:10px;margin-bottom:20px\">REKRUTACJA DO KLAS PIERWSZYCH<\/h2>\n\n\n\n<p class=\"has-text-align-center has-poppins-font-family has-small-font-size\" style=\"margin-bottom:15px\"><strong>Rekrutacja do klas pierwszych w szko\u0142ach podstawowych rozpocznie si\u0119 2 marca 2026 r.<\/strong><\/p>\n\n\n\n<p class=\"has-text-align-center has-poppins-font-family has-small-font-size\" style=\"margin-bottom:15px\"><strong>R\u00f3wnie\u017c 2 marca 2026 r. zostanie uruchomiony elektroniczny system rekrutacji.<\/strong><\/p>\n\n\n\n<p class=\"has-text-align-center\"><a href=\"https:\/\/rekrutacje-krakow.pzo.edu.pl\/elemento-public\">https:\/\/rekrutacje-krakow.pzo.edu.pl\/elemento-public<\/a><\/p>\n\n\n\n<p><\/p>\n\n\n\n<h2 class=\"wp-block-heading has-text-align-center has-poppins-font-family has-slider-title-font-size\" style=\"margin-top:10px;margin-bottom:20px\"><\/h2>\n\n\n\n<p class=\"has-text-align-center has-poppins-font-family has-small-font-size\" style=\"margin-bottom:15px\"><strong>Szczeg\u00f3\u0142owe zasady rekrutacji oraz formularze rekrutacyjne zostan\u0105 zamieszczone w elektronicznym systemie rekrutacji.<\/strong><\/p>\n\n\n\n<p class=\"has-text-align-center has-poppins-font-family has-small-font-size\" style=\"margin-bottom:15px\"><strong>Terminy przeprowadzania post\u0119powania rekrutacyjnego i post\u0119powania uzupe\u0142niaj\u0105cego, w tym terminy sk\u0142adania dokument\u00f3w, na rok szkolny 2026\/2027<\/strong><\/p>\n\n\n\n<p class=\"has-text-align-center has-poppins-font-family has-small-font-size\" style=\"margin-bottom:15px\"><\/p>\n\n\n\n<p class=\"has-text-align-center\"><\/p>\n\n\n\n<p><\/p>\n\n\n\n<p><\/p>\n\n\n\n<p><\/p>\n<\/div>\n\n\n\n<p><\/p>\n<\/div>\n<\/div>\n\n\n\n<p><\/p>\n\n\n\n<figure class=\"wp-block-image aligncenter size-full\"><img decoding=\"async\" width=\"779\" height=\"1011\" src=\"https:\/\/sp89krakow.pl\/wp-content\/uploads\/2026\/01\/terminy.jpg\" alt=\"\" class=\"wp-image-9255\" srcset=\"https:\/\/sp89krakow.pl\/wp-content\/uploads\/2026\/01\/terminy.jpg 779w, https:\/\/sp89krakow.pl\/wp-content\/uploads\/2026\/01\/terminy-231x300.jpg 231w, https:\/\/sp89krakow.pl\/wp-content\/uploads\/2026\/01\/terminy-768x997.jpg 768w\" sizes=\"(max-width: 779px) 100vw, 779px\" \/><\/figure>\n\n\n\n<p class=\"has-text-align-center\"><strong>Dzieci zamieszka\u0142e w obwodzie szko\u0142y przyjmowane s\u0105 z urz\u0119du.<\/strong><\/p>\n\n\n\n<p class=\"has-text-align-center\">Dzieci zamieszka\u0142e poza obwodem danej szko\u0142y rekrutowane s\u0105 na podstawie kryteri\u00f3w okre\u015blonych uchwa\u0142\u0105 nr<\/p>\n\n\n\n<p class=\"has-text-align-center\"><a href=\"https:\/\/www.bip.krakow.pl\/?dok_id=167&amp;sub_dok_id=167&amp;sub=uchwala&amp;query=id%3D22341%26typ%3Du\">LXVI\/1651\/17 Rady Miasta Krakowa z dnia 15 marca 2017 r. w sprawie okre\u015blenia kryteri\u00f3w naboru do samorz\u0105dowych szk\u00f3\u0142 podstawowych dla kandydat\u00f3w, kt\u00f3rzy ubiegaj\u0105 si\u0119 o przyj\u0119cie do szko\u0142y podstawowej innej ni\u017c szko\u0142a, w obwodzie kt\u00f3rej zamieszkuj\u0105 oraz dokument\u00f3w niezb\u0119dnych do potwierdzania tych kryteri\u00f3w<\/a>.<\/p>\n\n\n\n<p class=\"has-text-align-center\">OBW\u00d3D SZKO\u0141Y PODSTAWOWEJ NR 89 W KRAKOWIE<\/p>\n\n\n\n<p class=\"has-text-align-center\">ULICE:<br>Romana Dmowskiego, Do Fortu, Genera\u0142a Leopolda Okulickiego (numery<br>parzyste od nr 44\u2026), Wojciecha Korfantego, Kr\u00f3lowej Marysie\u0144ki, Ks. Kard.<br>Adama Stefana Sapiehy, Ks. Stefana Mazanka, Szymona Marycjusza,<br>Mistrzejowicka, Ognistych Wici<\/p>\n\n\n\n<p class=\"has-text-align-center\"><br>OSIEDLA:<br> Mistrzejowice,<br>Piast\u00f3w (bez numer\u00f3w: 1a, 1b, 2, 3, 4, 5, 6, 7, 41, 45, 46, 51, 52)<br>Kandydaci zamieszkuj\u0105cy w obwodzie SP 89 zostan\u0105 przyj\u0119ci do klas<br>pierwszych z urz\u0119du, ale nie s\u0105 zwolnieni z procedury rekrutacyjnej.<\/p>\n\n\n\n<p class=\"has-text-align-center\"><strong>Wszystkie dokumenty wystawiane przez nasz\u0105 szko\u0142\u0119, wymagane w procesie rekrutacji oraz elektroniczn\u0105 instrukcj\u0119 rekrutacji do klas pierwszych, znajd\u0105 Pa\u0144stwo w zak\u0142adce <strong>DOKUMENTY<\/strong> (pierwszy kafelek na stronie). <\/strong><\/p>\n","protected":false},"excerpt":{"rendered":"<p>REKRUTACJA DO KLAS PIERWSZYCH Rekrutacja do klas pierwszych w szko\u0142ach podstawowych rozpocznie si\u0119 2 marca 2026 r. R\u00f3wnie\u017c 2 marca 2026 r. zostanie uruchomiony elektroniczny system rekrutacji. https:\/\/rekrutacje-krakow.pzo.edu.pl\/elemento-public Szczeg\u00f3\u0142owe zasady rekrutacji oraz formularze rekrutacyjne zostan\u0105 zamieszczone w elektronicznym systemie rekrutacji. Terminy przeprowadzania&#8230;<\/p>\n","protected":false},"author":3,"featured_media":0,"parent":0,"menu_order":0,"comment_status":"closed","ping_status":"closed","template":"full-width.php","meta":{"footnotes":""},"class_list":["post-5629","page","type-page","status-publish","hentry"],"yoast_head":"<!-- This site is optimized with the Yoast SEO plugin v22.1 - https:\/\/yoast.com\/wordpress\/plugins\/seo\/ -->\n<title>Rekrutacja 2026 - SP89 w Krakowie<\/title>\n<meta name=\"robots\" content=\"index, follow, max-snippet:-1, max-image-preview:large, max-video-preview:-1\" \/>\n<link rel=\"canonical\" href=\"https:\/\/sp89krakow.pl\/index.php\/rekrutacja\/\" \/>\n<meta property=\"og:locale\" content=\"pl_PL\" \/>\n<meta property=\"og:type\" content=\"article\" \/>\n<meta property=\"og:title\" content=\"Rekrutacja 2026 - SP89 w Krakowie\" \/>\n<meta property=\"og:description\" content=\"REKRUTACJA DO KLAS PIERWSZYCH Rekrutacja do klas pierwszych w szko\u0142ach podstawowych rozpocznie si\u0119 2 marca 2026 r. R\u00f3wnie\u017c 2 marca 2026 r. zostanie uruchomiony elektroniczny system rekrutacji. https:\/\/rekrutacje-krakow.pzo.edu.pl\/elemento-public Szczeg\u00f3\u0142owe zasady rekrutacji oraz formularze rekrutacyjne zostan\u0105 zamieszczone w elektronicznym systemie rekrutacji. Terminy przeprowadzania...\" \/>\n<meta property=\"og:url\" content=\"https:\/\/sp89krakow.pl\/index.php\/rekrutacja\/\" \/>\n<meta property=\"og:site_name\" content=\"SP89 w Krakowie\" \/>\n<meta property=\"article:publisher\" content=\"https:\/\/www.facebook.com\/sp89krakow\" \/>\n<meta property=\"article:modified_time\" content=\"2026-01-28T19:30:23+00:00\" \/>\n<meta property=\"og:image\" content=\"http:\/\/serwer2453809.home.pl\/autoinstalator\/wordpressplugins\/wp-content\/uploads\/2023\/04\/img01-1.jpeg\" \/>\n<meta name=\"twitter:card\" content=\"summary_large_image\" \/>\n<meta name=\"twitter:label1\" content=\"Szacowany czas czytania\" \/>\n\t<meta name=\"twitter:data1\" content=\"2 minuty\" \/>\n<script type=\"application\/ld+json\" class=\"yoast-schema-graph\">{\"@context\":\"https:\/\/schema.org\",\"@graph\":[{\"@type\":\"WebPage\",\"@id\":\"https:\/\/sp89krakow.pl\/index.php\/rekrutacja\/\",\"url\":\"https:\/\/sp89krakow.pl\/index.php\/rekrutacja\/\",\"name\":\"Rekrutacja 2026 - SP89 w Krakowie\",\"isPartOf\":{\"@id\":\"https:\/\/sp89krakow.pl\/#website\"},\"datePublished\":\"2026-01-26T16:37:00+00:00\",\"dateModified\":\"2026-01-28T19:30:23+00:00\",\"breadcrumb\":{\"@id\":\"https:\/\/sp89krakow.pl\/index.php\/rekrutacja\/#breadcrumb\"},\"inLanguage\":\"pl-PL\",\"potentialAction\":[{\"@type\":\"ReadAction\",\"target\":[\"https:\/\/sp89krakow.pl\/index.php\/rekrutacja\/\"]}]},{\"@type\":\"BreadcrumbList\",\"@id\":\"https:\/\/sp89krakow.pl\/index.php\/rekrutacja\/#breadcrumb\",\"itemListElement\":[{\"@type\":\"ListItem\",\"position\":1,\"name\":\"Home\",\"item\":\"https:\/\/sp89krakow.pl\/\"},{\"@type\":\"ListItem\",\"position\":2,\"name\":\"Rekrutacja 2026\"}]},{\"@type\":\"WebSite\",\"@id\":\"https:\/\/sp89krakow.pl\/#website\",\"url\":\"https:\/\/sp89krakow.pl\/\",\"name\":\"SP89 w Krakowie\",\"description\":\"\",\"publisher\":{\"@id\":\"https:\/\/sp89krakow.pl\/#organization\"},\"potentialAction\":[{\"@type\":\"SearchAction\",\"target\":{\"@type\":\"EntryPoint\",\"urlTemplate\":\"https:\/\/sp89krakow.pl\/?s={search_term_string}\"},\"query-input\":\"required name=search_term_string\"}],\"inLanguage\":\"pl-PL\"},{\"@type\":\"Organization\",\"@id\":\"https:\/\/sp89krakow.pl\/#organization\",\"name\":\"SP89 w Krakowie\",\"url\":\"https:\/\/sp89krakow.pl\/\",\"logo\":{\"@type\":\"ImageObject\",\"inLanguage\":\"pl-PL\",\"@id\":\"https:\/\/sp89krakow.pl\/#\/schema\/logo\/image\/\",\"url\":\"https:\/\/sp89krakow.pl\/wp-content\/uploads\/2024\/01\/godlo_logo-SP89_150-1.png\",\"contentUrl\":\"https:\/\/sp89krakow.pl\/wp-content\/uploads\/2024\/01\/godlo_logo-SP89_150-1.png\",\"width\":179,\"height\":80,\"caption\":\"SP89 w Krakowie\"},\"image\":{\"@id\":\"https:\/\/sp89krakow.pl\/#\/schema\/logo\/image\/\"},\"sameAs\":[\"https:\/\/www.facebook.com\/sp89krakow\"]}]}<\/script>\n<!-- \/ Yoast SEO plugin. -->","yoast_head_json":{"title":"Rekrutacja 2026 - SP89 w Krakowie","robots":{"index":"index","follow":"follow","max-snippet":"max-snippet:-1","max-image-preview":"max-image-preview:large","max-video-preview":"max-video-preview:-1"},"canonical":"https:\/\/sp89krakow.pl\/index.php\/rekrutacja\/","og_locale":"pl_PL","og_type":"article","og_title":"Rekrutacja 2026 - SP89 w Krakowie","og_description":"REKRUTACJA DO KLAS PIERWSZYCH Rekrutacja do klas pierwszych w szko\u0142ach podstawowych rozpocznie si\u0119 2 marca 2026 r. R\u00f3wnie\u017c 2 marca 2026 r. zostanie uruchomiony elektroniczny system rekrutacji. https:\/\/rekrutacje-krakow.pzo.edu.pl\/elemento-public Szczeg\u00f3\u0142owe zasady rekrutacji oraz formularze rekrutacyjne zostan\u0105 zamieszczone w elektronicznym systemie rekrutacji. Terminy przeprowadzania...","og_url":"https:\/\/sp89krakow.pl\/index.php\/rekrutacja\/","og_site_name":"SP89 w Krakowie","article_publisher":"https:\/\/www.facebook.com\/sp89krakow","article_modified_time":"2026-01-28T19:30:23+00:00","og_image":[{"url":"http:\/\/serwer2453809.home.pl\/autoinstalator\/wordpressplugins\/wp-content\/uploads\/2023\/04\/img01-1.jpeg"}],"twitter_card":"summary_large_image","twitter_misc":{"Szacowany czas czytania":"2 minuty"},"schema":{"@context":"https:\/\/schema.org","@graph":[{"@type":"WebPage","@id":"https:\/\/sp89krakow.pl\/index.php\/rekrutacja\/","url":"https:\/\/sp89krakow.pl\/index.php\/rekrutacja\/","name":"Rekrutacja 2026 - SP89 w Krakowie","isPartOf":{"@id":"https:\/\/sp89krakow.pl\/#website"},"datePublished":"2026-01-26T16:37:00+00:00","dateModified":"2026-01-28T19:30:23+00:00","breadcrumb":{"@id":"https:\/\/sp89krakow.pl\/index.php\/rekrutacja\/#breadcrumb"},"inLanguage":"pl-PL","potentialAction":[{"@type":"ReadAction","target":["https:\/\/sp89krakow.pl\/index.php\/rekrutacja\/"]}]},{"@type":"BreadcrumbList","@id":"https:\/\/sp89krakow.pl\/index.php\/rekrutacja\/#breadcrumb","itemListElement":[{"@type":"ListItem","position":1,"name":"Home","item":"https:\/\/sp89krakow.pl\/"},{"@type":"ListItem","position":2,"name":"Rekrutacja 2026"}]},{"@type":"WebSite","@id":"https:\/\/sp89krakow.pl\/#website","url":"https:\/\/sp89krakow.pl\/","name":"SP89 w Krakowie","description":"","publisher":{"@id":"https:\/\/sp89krakow.pl\/#organization"},"potentialAction":[{"@type":"SearchAction","target":{"@type":"EntryPoint","urlTemplate":"https:\/\/sp89krakow.pl\/?s={search_term_string}"},"query-input":"required name=search_term_string"}],"inLanguage":"pl-PL"},{"@type":"Organization","@id":"https:\/\/sp89krakow.pl\/#organization","name":"SP89 w Krakowie","url":"https:\/\/sp89krakow.pl\/","logo":{"@type":"ImageObject","inLanguage":"pl-PL","@id":"https:\/\/sp89krakow.pl\/#\/schema\/logo\/image\/","url":"https:\/\/sp89krakow.pl\/wp-content\/uploads\/2024\/01\/godlo_logo-SP89_150-1.png","contentUrl":"https:\/\/sp89krakow.pl\/wp-content\/uploads\/2024\/01\/godlo_logo-SP89_150-1.png","width":179,"height":80,"caption":"SP89 w Krakowie"},"image":{"@id":"https:\/\/sp89krakow.pl\/#\/schema\/logo\/image\/"},"sameAs":["https:\/\/www.facebook.com\/sp89krakow"]}]}},"_links":{"self":[{"href":"https:\/\/sp89krakow.pl\/index.php\/wp-json\/wp\/v2\/pages\/5629","targetHints":{"allow":["GET"]}}],"collection":[{"href":"https:\/\/sp89krakow.pl\/index.php\/wp-json\/wp\/v2\/pages"}],"about":[{"href":"https:\/\/sp89krakow.pl\/index.php\/wp-json\/wp\/v2\/types\/page"}],"author":[{"embeddable":true,"href":"https:\/\/sp89krakow.pl\/index.php\/wp-json\/wp\/v2\/users\/3"}],"replies":[{"embeddable":true,"href":"https:\/\/sp89krakow.pl\/index.php\/wp-json\/wp\/v2\/comments?post=5629"}],"version-history":[{"count":23,"href":"https:\/\/sp89krakow.pl\/index.php\/wp-json\/wp\/v2\/pages\/5629\/revisions"}],"predecessor-version":[{"id":9284,"href":"https:\/\/sp89krakow.pl\/index.php\/wp-json\/wp\/v2\/pages\/5629\/revisions\/9284"}],"wp:attachment":[{"href":"https:\/\/sp89krakow.pl\/index.php\/wp-json\/wp\/v2\/media?parent=5629"}],"curies":[{"name":"wp","href":"https:\/\/api.w.org\/{rel}","templated":true}]}}